1507
What is -3171a8 (base 11) in base 3?
-221202221202
-60b208 (base 12) to base 5
-341343141
Convert -12232021313 (base 4) to base 10.
-1761911
Convert 5296a4a (base 11) to base 4.
203203213132
Convert 1a265d1 (base 14) to base 10.
13002235
What is -33144130 (base 5) in base 16?
-462b7
Convert 11f33 (base 16) to base 15.
16bb8
Convert 355371 (base 9) to base 7.
1550425
Convert -240235 (base 7) to base 10.
-43342
What is 3150577 (base 11) in base 9?
11387583
-434343025 (base 6) to base 5
-3442232243
79870 (base 13) to base 7
1610506
73563 (base 10) to base 4
101331123
10004240 (base 5) to base 4
103031213
Convert 2160927 (base 10) to base 9.
4053210
What is 6b3c60 (base 16) in base 10?
7027808
-15601555 (base 7) to base 5
-341411013
Convert -f28121 (base 16) to base 12.
-53a5255
What is -12003121233 (base 4) in base 15?
-215269
-11a7298 (base 11) to base 14
-3c5280
Convert -4847e (base 16) to base 8.
-1102176
What is -72446 (base 15) in base 14?
-95d59
-7023c3 (base 14) to base 12
-131a373
Convert -533a24 (base 11) to base 13.
-23bb88
What is -274c07 (base 15) in base 4?
-13031100310
What is -50312301 (base 6) in base 15?
-1d229a
What is 11011111010110110000110 (base 2) in base 7?
116131645
Convert 47948 (base 10) to base 7.
256535
What is 1033c5 (base 14) in base 7?
4435135
-113020041 (base 6) to base 4
-20001031321
Convert -114829 (base 10) to base 11.
-79300
30572 (base 8) to base 7
51633
-23111322 (base 4) to base 3
-2100201200
Convert 134021314 (base 6) to base 11.
1590324
22302300 (base 7) to base 14
384970
What is -111897 (base 15) in base 4?
-3013003111
Convert -294975 (base 10) to base 5.
-33414400
-23988 (base 10) to base 5
-1231423
Convert 30175106 (base 8) to base 11.
3651001
What is -1638a7 (base 11) in base 8?
-760027
Convert 1809077 (base 10) to base 16.
1b9ab5
Convert -100010222 (base 4) to base 9.
-110268
104562 (base 8) to base 9
53235
Convert -1222d2 (base 14) to base 4.
-2113202300
Convert -300231303122 (base 4) to base 7.
-213355562
463038 (base 10) to base 13
1329b4
Convert 201162 (base 7) to base 10.
34050
What is 20480888 (base 9) in base 8?
45460566
6d23 (base 16) to base 3
1102022210
42053 (base 14) to base 15
322a0
20369 (base 12) to base 3
2010121000
Convert -3436125 (base 8) to base 15.
-136669
What is -31977 (base 13) in base 12?
-43963
What is 50224 (base 6) in base 2?
1100110101000
What is 2110013 (base 6) in base 9?
165410
Convert 414424333 (base 5) to base 3.
10020020220221
What is -1c3c28 (base 14) in base 4?
-3312130130
Convert 1775aba (base 12) to base 15.
666d07
What is -111011211023 (base 4) in base 11?
-31361a9
-273a23 (base 11) to base 16
-68ef9
-d2d346 (base 15) to base 12
-3431379
23262403 (base 7) to base 15
2a715d
What is -4217647 (base 8) in base 7?
-12352523
What is 100315405 (base 6) in base 14?
325753
What is -605610 (base 10) in base 6?
-20551430
-2671322 (base 8) to base 12
-302242
-54409 (base 11) to base 16
-134ae
What is -91302 (base 14) in base 4?
-1111032112
What is -331410342 (base 5) in base 3?
-2200220120202
-1a47b3 (base 13) to base 15
-d2980
Convert 11500105 (base 7) to base 11.
640344
-110212121021 (base 3) to base 2
-111101110111011010
13153325 (base 6) to base 5
102404213
Convert 54351312 (base 6) to base 3.
10001010100022
Convert -100300302 (base 4) to base 8.
-206062
What is 760738 (base 9) in base 10?
453311
Convert 1b685ba (base 12) to base 4.
112113031132
2018813 (base 11) to base 12
1241755
Convert -1202012100 (base 3) to base 10.
-34407
290913 (base 14) to base 2
101011011011101000101
Convert -19815a (base 15) to base 6.
-42343234
What is -4a575a (base 13) in base 14?
-345b0d
What is 20021220122 (base 3) in base 16?
1e3da
Convert 2420211 (base 9) to base 7.
14104105
What is -b0ba7c (base 13) in base 10?
-4110183
-6214065 (base 9) to base 2
-1100101001101000111000
What is 100111001100100011 (base 2) in base 12?
78aab
What is 143dd (base 14) in base 3?
2112211100
What is -1010000100110100000001 (base 2) in base 3?
-11222011222111
Convert 10101111101100010111111 (base 2) to base 16.
57d8bf
What is -2010102100 (base 4) in base 12?
-221694
What is 1424334131 (base 5) in base 13?
a12188
Convert -24154350 (base 6) to base 9.
-1380833
What is 2114361 (base 7) in base 8?
764104
214555425 (base 6) to base 13
a57775
-212210010201000 (base 3) to base 7
-212300640
-663034 (base 9) to base 4
-1200221212
What is 42823 (base 13) in base 6?
2323351
43828 (base 13) to base 2
11101110101101101
Convert 11221643 (base 7) to base 15.
1456bb
Convert -2233a (base 13) to base 16.
-f278
Convert 10111011110010110 (base 2) to base 4.
113132112
Convert 5101cb (base 14) to base 5.
1144243121
-122333131 (base 4) to base 15
-22b57
Convert -112000222220 (base 3) to base 16.
-43740
-16319274 (base 10) to base 12
-5570036
-1416b5 (base 14) to base 5
-134224232
What is -362997 (base 16) in base 15?
-4a1ae6
Convert 100032020311 (base 4) to base 6.
231050101
12210020021020 (base 3) to base 13
8388c6
What is eacb (base 15) in base 11?
34374
What is 1221127 (base 8) in base 3?
122002112220
Convert 1056881 (base 9) to base 11.
359833
Convert -408108 (base 10) to base 8.
-1435054
What is -378645 (base 9) in base 5?
-24320213
What is 43030042 (base 6) in base 9?
2335328
993ae2 (base 15) to base 8
33666673
Convert -100011000000101111001 (base 2) to base 10.
-1147257
Convert -1354020 (base 6) to base 7.
-441324
140221565 (base 7) to base 5
4312114044
Convert 5b3d (base 16) to base 15.
6dc2
210212441 (base 6) to base 11
20782a8
What is -245012651 (base 7) in base 2?
-111010110011100010001100
What is 1000101222010210 (base 3) in base 11?
8248821
2452642 (base 9) to base 3
2111202201102
3147e (base 15) to base 14
40d41
1a13a (base 11) to base 14
a363
-109798a (base 15) to base 9
-24304324
Convert 1679439 (base 13) to base 5.
3330244431
-20111 (base 5) to base 12
-8a9
Convert -3322 (base 9) to base 7.
-10100
Convert 1353553 (base 6) to base 13.
29271
What is -3112322121 (base 4) in base 12?
-365509
What is -974a47 (base 11) in base 6?
-53223231
7424078 (base 10) to base 8
34244116
Convert -3446341 (base 10) to base 8.
-15113105
7504610 (base 10) to base 13
1729ac9
What is -254245 (base 6) in base 14?
-8549
What is 114367 (base 10) in base 9?
183784
Convert 3752173 (base 8) to base 13.
2a4289
2013006 (base 8) to base 10
529926
What is -b39edf (base 16) in base 12?
-3b3833b
15d199a (base 15) to base 10
15851170
What is 3121013 (base 5) in base 12?
2589b
231c6d (base 14) to base 3
2020202201121
100111221101022 (base 3) to base 13
1080c20
-632052 (base 9) to base 8
-1335272
What is 3708 (base 10) in base 5?
104313
-5b5a9 (base 15) to base 16
-472ce
6d905 (base 14) to base 15
545c7
What is 21132103232 (base 4) in base 15?
340c78
What is 102112020 (base 5) in base 9?
718175
33616020 (base 7) to base 6
142435403
1a4eb0 (base 15) to base 6
43253120
What is -1030050 (base 6) in base 13?
-1a034
-150005442 (base 6) to base 3
-12210111201022
666283 (base 12) to base 4
12031200003
What is 88737 (base 12) in base 14?
49c39
What is 1435337 (base 9) in base 3?
1111012101021
What is 42100461 (base 8) in base 12?
2bb5095
Convert d5db (base 16) to base 5.
3222442
Convert -1010100011101011 (base 2) to base 5.
-2340433
-412556 (base 8) to base 9
-227281
Convert -34402000 (base 6) to base 8.
-4022260
-563833 (base 11) to base 7
-10430235
What is -111100211012000 (base 3) in base 16?
-6c5e65
What is -112110001101121 (base 3) in base 9?
-15401347
Convert -20111210310 (base 4) to base 15.
-2d2869
Convert -1345367 (base 8) to base 9.
-637681
210584 (base 14) to base 16
110418
What is 30612 (base 9) in base 8?
47324
-19157 (base 11) to base 5
-1324203
Convert -15443 (base 14) to base 9.
-80605
-50500 (base 9) to base 10
-33210
What is -5d7200 (base 16) in base 9?
-12463530
What is 117523 (base 9) in base 3?
10121120210
1001000101000000010 (base 2) to base 9
503046
What is -4203431 (base 5) in base 2?
-10000111001111001
What is -4023223 (base 5) in base 10?
-64188
3230122004 (base 5) to base 3
110221112002002
What is 2110033123 (base 5) in base 9?
8211453
What is -2130000310 (base 5) in base 14?
-85d506
Convert -427016 (base 9) to base 2.
-111110000111100100
-2210133011 (base 4) to base 2
-10100100011111000101
Convert 2563147 (base 10) to base